at is the units digit of r?
8
Suppose 5 = -w, 0 = -2*n + n + 5*w + 27. Suppose -7*g + 20 = -n*g. Suppose 0 = -p - 5*c - 2 - g, -4*p + 18 = -c. What is the units digit of p?
4
Let p = 112 - 58. What is the tens digit of p?
5
Suppose 4*o + o - 3*d = 15, -5*d = 0. Let r be 9*1/3 + o. What is the tens digit of (-354)/(-15) - r/(-15)?
2
Let f = 3396 + -1780. What is the tens digit of f?
1
Let h(m) = -m**3 + 6*m**2 + 11*m - 12. Let d be h(9). Let u = -107 - d. What is the tens digit of u?
4
Let u(w) = -w**3 - 39*w**2 - 133*w - 7. What is the thousands digit of u(-38)?
3
Suppose 9 = -k + j, 44 = -4*k - 2*j + 14. Let g be ((-22)/k + -4)*196. What is the tens digit of g/(-9) - (-4)/(-18)?
2
Let i(m) = -3*m**2 + 67*m - 40. What is the units digit of i(16)?
4
Let j(t) = -t - 6. Let w be j(-7). What is the units digit of (0/1 - 0) + w?
1
Let f(v) = v**3 - v**2 + v - 4. Let k be f(2). Suppose -2*a + n + 482 = 5*n, -723 = -3*a - k*n. What is the units digit of a?
1
Let l = -37 + 37. Suppose 3*t - 139 + 1 = l. What is the units digit of t?
6
Suppose 3*n = -3*m + 2*n + 10483, -13977 = -4*m - n. What is the hundreds digit of m?
4
Suppose t - 7065 = -4*w, 0 = 3*w + 5*t - t - 5289. What is the thousands digit of w?
1
Let o(d) = d**2 - 7*d + 3. Let y be o(7). Suppose 3*i - 2*u - y*u = 662, 3*u + 868 = 4*i. What is the hundreds digit of i?
2
Let x = 35 - 32. Suppose -x*n + f + 296 = 0, 0 = -3*n - 0*f - 5*f + 302. What is the tens digit of n?
9
Let o(b) = -9*b - 24. Let q be o(-16). Suppose 72 = 3*p - d, -q = -5*p - 0*d - 4*d. What is the tens digit of p?
2
Suppose 2*k - 5*j + 2 = -j, -17 = -3*k - 4*j. Suppose -q - k = -8. Let h(l) = 4*l - 5. What is the units digit of h(q)?
5
Let m(x) = 3*x**3 + 6*x**2 + 5*x - 2. What is the tens digit of m(5)?
4
Let q(t) = 1 - t + 9*t**2 - t**3 + 3*t - 3*t. What is the tens digit of q(4)?
7
Suppose -13 = -2*p + 3*j, -2*p + 4*j + 3 + 5 = 0. Let k = -14 + p. Let a = 34 - k. What is the tens digit of a?
3
Let c(u) = -u**2 + 8*u + 2. Let d be c(8). Suppose -2*z - d*z = -124. Suppose 3*m - 47 = -2*i, -i - 4*m + z = -0*m. What is the units digit of i?
9
Let w(x) = x**3 + 24*x**2 - 89*x - 32. What is the hundreds digit of w(-21)?
1
Let q = -1392 + 2498. What is the tens digit of q?
0
Let q(c) = 6*c + 769. What is the units digit of q(0)?
9
Suppose -p - 20 = -4*r, -2*r - 2*r + 20 = 0. Suppose -4*b + 440 = -p*b. What is the hundreds digit of b?
1
Let t be (-94)/(-14) + 24/84. Suppose 0 = -9*l + t*l + 94. Suppose 2*w + 2*m = 44, -w + m = -3*m - l. What is the units digit of w?
7
Let x(o) = 7*o**2 + 12*o - 11. Let l(i) = 3*i**2 + 6*i - 5. Let k(d) = 5*l(d) - 2*x(d). Let p be k(-6). What is the units digit of ((-4)/3)/(p/54)?
4
Suppose -4*d - 6348 = -4*k, 2*k - 2*d - 3164 = -5*d. What is the thousands digit of k?
1
Let x(z) = 22*z**3 - 3*z**2 + 4*z - 2. Let w be x(1). Let d = w - -1. What is the tens digit of d?
2
What is the hundreds digit of ((-54460)/(-49) + 9/(-21))*2?
2
Let f = -9 - -9. Suppose 5*h - 35 - 215 = 0. Suppose -5*o + v = -v - 204, f = o - 5*v - h. What is the tens digit of o?
4
Suppose -3*z - 5*v + 1158 = 0, 0 = 28*z - 24*z + 2*v - 1544. What is the units digit of z?
6
Let c = -1891 + 3695. What is the units digit of c?
4
Let k = -1270 + 2625. What is the units digit of k?
5
Let k(v) = -2*v**2 + 9*v - 1. Let c be k(6). Let i be 5/(20/8) - c. Let l = 11 + i. What is the tens digit of l?
3
Suppose 3*u + 2*u + 35 = 0. Let x be 3366/126 - 2/u. What is the tens digit of 0/4 + -3 + x?
2
Suppose 0 = -3*p + 2*p. Let y(m) = -6*m - 57. Let s be y(-10). What is the units digit of (-9)/(2 - s) - p?
9
Suppose -22*q + 19690 + 23870 = 0. What is the units digit of q?
0
Let o(r) = -13*r**3 + 3*r**2 + 2*r. Let b be o(-2). Suppose 4*d - 3*a - b = 96, 4 = a. What is the units digit of d?
5
Let b be -1*(2 + -4 + 2). Suppose 0*h = -2*h + 5*c - 35, 0 = 4*h + 4*c. What is the units digit of b - (-5)/(h/(-2))?
2
Let h = -15 - 10. Let j be 2/(-1) + h + 29. Suppose j*k - 46 - 96 = 0. What is the units digit of k?
1
Let w = 93 - -226. What is the units digit of w?
9
Suppose 0 = b - 2*b + 70. Suppose 2*f = 2*g - 0*f - b, -4*g = 3*f - 154. What is the tens digit of g?
3
Suppose 4*q + v - 12 = 0, 4*q - 3 = 4*v + 9. Let r(n) = 46*n + 12. What is the tens digit of r(q)?
5
Suppose -13*q - 1056 = 192. What is the hundreds digit of (-954)/(-8) - 72/q?
1
Suppose -27177 = -21*q - 4182. What is the thousands digit of q?
1
Let c be 30/(-15) - (-4 + 1*-1). Let h(b) = 13*b**2 - 3*b. What is the tens digit of h(c)?
0
Suppose 12*f - 15*f + 2777 = -2*u, 0 = -2*f + 2*u + 1852. What is the tens digit of f?
2
Let u(x) = -9*x + 233. Let m(d) = 8*d - 235. Let t(r) = -6*m(r) - 5*u(r). What is the hundreds digit of t(0)?
2
Let g(o) be the third derivative of -o**5/60 - o**4/24 + 40*o**3/3 + 31*o**2. What is the units digit of g(0)?
0
Let j(d) = 2*d**2 + 8*d - 2. What is the tens digit of j(3)?
4
Let l(m) = m**3 - m**2 + m - 44. Let s be l(0). Let r(y) = 2*y**2 - 26*y - 2. Let f be r(13). What is the units digit of s/(-5) - f/10?
9
Suppose 8261 = -62*b + 73*b. What is the tens digit of b?
5
Let w = 1 + 3. Suppose -5*k + w*k = 4*a - 21, -5*a = 5*k - 150. Let j = k + -31. What is the units digit of j?
2
Suppose -k = 19*x - 18*x - 1776, -k - 7119 = -4*x. What is the thousands digit of x?
1
Suppose -5*t - 5*l + 405 = 0, 3*t + 5*l = 215 + 34. What is the units digit of t?
8
Let c = -62 - -121. Let s = c + -11. What is the tens digit of s?
4
Let n(m) = -m + 26 + 14 - 9. Suppose 0 = 4*y - 19 - 9. What is the tens digit of n(y)?
2
Suppose -3*d + 7 = -4*q, 3*q + 19 = 5*d - 0*q. Let j be 137 + (2 - -1 - 1) + 2. Suppose -d*i + 2*i = -j. What is the tens digit of i?
4
Suppose 0 = 4*b - 7*b + 615. Suppose -g + h + 109 = 0, b = 4*g + 5*h - 267. What is the units digit of g?
3
Suppose 3*s - 25 = v, -65 = -4*s - s - 3*v. Suppose -5*d - 35 = -s*d. Let k = d + -6. What is the units digit of k?
1
Let k(r) = r - 4. Let y be k(8). Let q(o) = 0*o + 13 + o + y*o - o. What is the tens digit of q(12)?
6
Suppose 5 = 5*v - 0*v. Let g(m) = -2*m - 8. Let z be g(-11). What is the tens digit of z - 4/4*v?
1
Let m(g) = g**3 + 19*g**2 - 16*g + 19. What is the units digit of m(-9)?
3
Let n = 9 + -9. Suppose n = -2*u + 5*u - 6. Suppose -f + 5*m + 53 = 0, 2*m = u*f - 64 - 10. What is the tens digit of f?
3
Let b(n) = 33*n**2 - 8*n + 1. What is the thousands digit of b(-7)?
1
Suppose 0 = -2*x + 5*y + 2, 2*x + 32 = 7*x + y. What is the tens digit of x/(-15) + 152/5?
3
Let f(a) = -a**2 - 7*a - 7. Let x be f(-5). Suppose -x*g - 1 = 8. What is the tens digit of g/(9/10 + -1)?
3
Let i(w) = -w**3 - 8*w**2 - 3*w - 6. Let d(k) = k**3 + 7*k**2 + 5*k - 8. Let m be d(-6). Let l be (-80)/(-15)*3/m. What is the tens digit of i(l)?
1
Suppose 3*l = -3*b - 39, 2*b + l = -7 - 16. What is the units digit of (-14)/35 - 314/b?
1
What is the hundreds digit of (-2 - (-1538)/3) + 10/(-15)?
5
Suppose 30*z - 9 = 27*z. Suppose -86 + 248 = z*i. What is the tens digit of i?
5
Let h(p) = -10*p + 60. Let f be h(6). Let v(q) = -q**3 + q + 298. What is the units digit of v(f)?
8
Let x = 6 + -10. Let u(f) = -2*f**3 - 5*f**2 - f + 5. Let z be u(x). Suppose 5*d - 252 = -z. What is the units digit of d?
9
What is the units digit of 2/10 + 52/(-10) - -372?
7
What is the units digit of ((-306)/204)/(2/((-5972)/3))?
3
Suppose 4*c + 4*w - 112 = 0, 4 = 5*w - 3*w. Suppose -27*o + c*o = -134. What is the hundreds digit of o?
1
Suppose 6 = -o + 4*o. Suppose 0 = -o*l + 1 + 61. Suppose 35 = 3*i - l. What is the tens digit of i?
2
Let q(i) = 4*i**2 - 1. Let y be q(-1). Suppose 14 - 2 = y*s. Suppose -5*w = -6*t + s*t - 69, 3 = w - 4*t. What is the tens digit of w?
1
Suppose 6 + 6 = -a + 4*n, -4*n = -8. Let u = a + 4. Suppose u = -4*l + 166 - 10. What is the units digit of l?
9
Let k(n) = -40*n**3 - 9*n**2 - 21*n - 7. What is the hundreds digit of k(-2)?
3
Let i(f) = 12*f**2 - 24*f + 124. What is the units digit of i(8)?
0
Suppose -4*z - 810 = -2*m, z + 4*m + 380 = -z. Let t = -59 - z. What is the units digit of t?
1
Let f(o) = -o**2 + 30*o - 30. Let x(z) = 5*z**2 + 7*z. Let m be x(-3). What is the units digit of f(m)?
4
Let s(w) = -19*w**3 + 5*w**2 - 43*w - 177. What is the thousands digit of s(-6)?
4
Suppose -5*f + 3*f - 388 = 0. Let q = -107 - f. Let m